
What is the thousands digit of 90854?
0
What is the hundred thousands digit of 5600074?
6
What is the units digit of 37268332?
2
What is the thousands digit of 796749?
6
What is the ten thousands digit of 9836603?
3
What is the tens digit of 64181?
8
What is the thousands digit of 6310089?
0
What is the hundreds digit of 580524?
5
What is the units digit of 227646?
6
What is the hundred thousands digit of 330171?
3
What is the hundred thousands digit of 228445?
2
What is the millions digit of 5258689?
5
What is the tens digit of 1537579?
7
What is the units digit of 307510?
0
What is the tens digit of 422441?
4
What is the ten thousands digit of 2633723?
3
What is the units digit of 198138?
8
What is the thousands digit of 6814930?
4
What is the hundred thousands digit of 179369?
1
What is the ten thousands digit of 6181501?
8
What is the thousands digit of 678924?
8
What is the hundreds digit of 2371314?
3
What is the tens digit of 1207124?
2
What is the hundred thousands digit of 711454?
7
What is the thousands digit of 21985?
1
What is the tens digit of 60517?
1
What is the ten thousands digit of 1910527?
1
What is the hundred thousands digit of 15073203?
0
What is the units digit of 2721657?
7
What is the hundreds digit of 4293105?
1
What is the ten thousands digit of 28661?
2
What is the hundreds digit of 497958?
9
What is the ten thousands digit of 135968?
3
What is the tens digit of 1377498?
9
What is the ten thousands digit of 8168998?
6
What is the hundred thousands digit of 393282?
3
What is the tens digit of 3435514?
1
What is the hundred thousands digit of 716654?
7
What is the millions digit of 11898514?
1
What is the ten thousands digit of 71275?
7
What is the units digit of 23231?
1
What is the hundred thousands digit of 194095?
1
What is the ten thousands digit of 1143674?
4
What is the hundreds digit of 333780?
7
What is the thousands digit of 248297?
8
What is the ten thousands digit of 6964212?
6
What is the hundreds digit of 436680?
6
What is the hundred thousands digit of 266418?
2
What is the units digit of 855955?
5
What is the millions digit of 1323149?
1
What is the hundred thousands digit of 1355772?
3
What is the thousands digit of 259055?
9
What is the ten thousands digit of 1287024?
8
What is the hundred thousands digit of 1685454?
6
What is the units digit of 5229844?
4
What is the thousands digit of 1532125?
2
What is the thousands digit of 2120340?
0
What is the tens digit of 4359923?
2
What is the thousands digit of 227059?
7
What is the ten thousands digit of 633778?
3
What is the units digit of 61115?
5
What is the hundreds digit of 1534832?
8
What is the ten thousands digit of 552787?
5
What is the hundreds digit of 1623166?
1
What is the units digit of 32042170?
0
What is the hundred thousands digit of 306412?
3
What is the thousands digit of 671708?
1
What is the ten thousands digit of 147705?
4
What is the ten thousands digit of 24553?
2
What is the hundred thousands digit of 712972?
7
What is the thousands digit of 2673478?
3
What is the units digit of 22031148?
8
What is the hundred thousands digit of 219786?
2
What is the hundred thousands digit of 194103?
1
What is the tens digit of 16999695?
9
What is the hundreds digit of 244954?
9
What is the tens digit of 583213?
1
What is the thousands digit of 84013?
4
What is the thousands digit of 722978?
2
What is the hundred thousands digit of 21943942?
9
What is the units digit of 4224652?
2
What is the tens digit of 14968544?
4
What is the thousands digit of 524300?
4
What is the tens digit of 150312?
1
What is the ten thousands digit of 3197409?
9
What is the hundreds digit of 641238?
2
What is the hundreds digit of 1242630?
6
What is the hundreds digit of 72380?
3
What is the hundreds digit of 100517?
5
What is the tens digit of 148317?
1
What is the tens digit of 2369877?
7
What is the thousands digit of 487873?
7
What is the tens digit of 10090938?
3
What is the hundreds digit of 48524?
5
What is the hundred thousands digit of 124587?
1
What is the hundreds digit of 623157?
1
What is the ten thousands digit of 4955226?
5
What is the thousands digit of 34386938?
6
What is the ten thousands digit of 13504695?
0
What is the tens digit of 646473?
7
What is the tens digit of 36650771?
7
What is the units digit of 401050?
0
What is the hundred thousands digit of 2167791?
1
What is the ten thousands digit of 309201?
0
What is the thousands digit of 334688?
4
What is the ten thousands digit of 290744?
9
What is the tens digit of 788086?
8
What is the ten thousands digit of 327847?
2
What is the ten thousands digit of 1627002?
2
What is the units digit of 1673199?
9
What is the tens digit of 25288860?
6
What is the units digit of 405113?
3
What is the hundreds digit of 1753826?
8
What is the thousands digit of 59681?
9
What is the thousands digit of 214348?
4
What is the millions digit of 2415998?
2
What is the hundreds digit of 596628?
6
What is the thousands digit of 193267?
3
What is the ten thousands digit of 2976517?
7
What is the ten thousands digit of 1103360?
0
What is the units digit of 270135?
5
What is the ten thousands digit of 327944?
2
What is the ten thousands digit of 422031?
2
What is the thousands digit of 3813401?
3
What is the thousands digit of 842155?
2
What is the hundreds digit of 5664538?
5
What is the millions digit of 4915288?
4
What is the ten thousands digit of 537328?
3
What is the thousands digit of 238953?
8
What is the hundred thousands digit of 9424540?
4
What is the ten thousands digit of 1134400?
3
What is the tens digit of 414458?
5
What is the millions digit of 2100649?
2
What is the tens digit of 223432?
3
What is the units digit of 2513353?
3
What is the hundred thousands digit of 232231?
2
What is the units digit of 30162927?
7
What is the hundred thousands digit of 752029?
7
What is the thousands digit of 1566608?
6
What is the tens digit of 178501?
0
What is the ten thousands digit of 196524?
9
What is the units digit of 402810?
0
What is the millions digit of 1864614?
1
What is the hundred thousands digit of 526384?
5
What is the tens digit of 39163254?
5
What is the hundred thousands digit of 13346869?
3
What is the units digit of 118256?
6
What is the units digit of 44984?
4
What is the units digit of 138360?
0
What is the hundreds digit of 734594?
5
What is the units digit of 82572?
2
What is the thousands digit of 533412?
3
What is the tens digit of 904666?
6
What is the tens digit of 3561396?
9
What is the hundred thousands digit of 188710?
1
What is the ten thousands digit of 1559569?
5
What is the tens digit of 11998297?
9
What is the thousands digit of 4740007?
0
What is the tens digit of 2678617?
1
What is the ten thousands digit of 259977?
5
What is the millions digit of 1806090?
1
What is the hundred thousands digit of 556038?
5
What is the units digit of 436389?
9
What is the thousands digit of 435382?
5
What is the ten thousands digit of 37066?
3
What is the ten millions digit of 12525315?
1
What is the hundred thousands digit of 1215633?
2
What is the ten thousands digit of 193900?
9
What is the hundreds digit of 153398?
3
What is the hundreds digit of 619751?
7
What is the ten thousands digit of 29323259?
2
What is the hundred thousands digit of 6247566?
2
What is the millions digit of 2259867?
2
What is the hundreds digit of 567149?
1
What is the thousands digit of 251320?
1
What is the hundreds digit of 2431455?
4
What is the thousands digit of 2229271?
9
What is the hundred thousands digit of 38653142?
6
What is the thousands digit of 2111843?
1
What is the ten thousands digit of 22877900?
7
What is the thousands digit of 1310714?
0
What is the millions digit of 7771930?
7
What is the hundred thousands digit of 178200?
1
What is the tens digit of 1002858?
5
What is the ten millions digit of 30415012?
3
What is the units digit of 7992681?
1
What is the tens digit of 13333029?
2
What is the hundreds digit of 612511?
5
What is the hundreds digit of 1354054?
0
What is the thousands digit of 8072348?
2
What is the hundreds digit of 270582?
5
What is the hundreds digit of 10982901?
9
What is the hundred thousands digit of 10090631?
0
What is the millions digit of 2538693?
2
What is the millions digit